reatest common divisor of l and 20?
20
Suppose -3*a = -2*w + 1491, 100*w - 763 = 99*w - 2*a. Calculate the highest common divisor of 3 and w.
3
Suppose 4*l = 3*l + 156. Suppose 4*n = -24762 + 24866. Calculate the highest common factor of n and l.
26
Let v be 6/2 + -1 + 8. Let g be 6/5*(-265)/15*v. Let w be g/(-3) + (-46)/69. Calculate the highest common divisor of w and 105.
35
Suppose 5*p + 3*s = 18, -9 - 3 = 3*s. Let k be 2/p + (-336)/9. Let f = 100 + k. Calculate the highest common divisor of 9 and f.
9
Suppose -326*d + 290*d = 2348 - 27692. What is the greatest common factor of d and 220?
44
Suppose 16 = 2*z + 2*z. Suppose 0 = 5*m - z*m - 192. Suppose 2*b - 4*x = -9*x + 9, 3*b = 5*x + 51. What is the highest common divisor of b and m?
12
Suppose 0 = 5*c - 2*k - 10882, 13*c + 3*k - 10877 = 8*c. Calculate the greatest common divisor of c and 17.
17
Let y = 1500 - 1372. What is the highest common factor of y and 5056?
64
Let j(u) = -u**3 - 11*u**2 - 15*u - 6. Let v be j(-10). Calculate the greatest common divisor of 11 and v.
11
Let u(c) = -c**3 - 3*c**2 - 2*c - 4. Let b be u(-3). Suppose -5*i = -b*j + 1116, j + 556 = 2*j - 3*i. Calculate the greatest common divisor of j and 8.
8
Let p(u) = -18. Let j(o) = o - 17. Let y(w) = 4*j(w) - 3*p(w). Let k be y(11). What is the greatest common divisor of 130 and k?
10
Let t = -35 + 40. Suppose -5*k - 7 + 36 = -y, 0 = -2*k - t*y + 17. Let q be (-12 + 9)*(-2)/k. Calculate the highest common factor of q and 8.
1
Let d(q) = 28 + 37 - 85 + 33 - 3*q. Let m be d(-3). Calculate the greatest common factor of m and 2.
2
Let f(q) = 456*q**2 - 1807*q. Let m be f(4). What is the highest common divisor of 4896 and m?
68
Suppose 60 = x - 567. Suppose -4*t - x = -3*h - t, -3*h - 3*t + 633 = 0. Calculate the highest common factor of h and 42.
42
Suppose 0 = 488*v - 6801 + 3847 - 59998. What is the greatest common divisor of 11524 and v?
43
Suppose 10*j - 9*j - 4 = 0. Suppose 7*g = 9*g - 8*g + 264. Calculate the highest common factor of g and j.
4
Let o = -235 + 239. Suppose -2*d = -4*t - 190, -d + o*t - 3*t = -100. Calculate the highest common factor of d and 245.
35
Let f(r) = 46*r + 355. Let j be f(53). Suppose 5*v + 2353 - j = 0. What is the highest common divisor of v and 1496?
88
Let g(y) = 44*y - 44. Let c be g(-3). Let d = -161 - c. Calculate the greatest common divisor of d and 705.
15
Let v = 112 + -53. Suppose -14*b - 11*b = -21*b - 4484. What is the highest common divisor of v and b?
59
Suppose 1440 = 55*o - 67*o. Let u = o + 133. What is the highest common divisor of 325 and u?
13
Let i(z) = -z**2 + 33*z - 197. Let k be i(8). Suppose p = 0, k*u - 50 = -p - 14. What is the highest common factor of 228 and u?
12
Let p be (-1 + -40)/((-20)/80). Suppose -9*t + p = 56. Calculate the highest common divisor of t and 10.
2
Let u be -2 + 1 + 2 - (0 - -1). Suppose -4*w + b + 115 = 0, 2*w + 3*b = -u*b + 47. What is the greatest common divisor of 2 and w?
2
Let z = 5 + 44. Suppose 12 = -3*k, -4*b + z = 3*k + 9. Let j = -190 + 320. Calculate the highest common divisor of b and j.
13
Let c = 32 + -23. Let f be (46 - 5771/116)/(10/(-48)). Calculate the highest common factor of f and c.
9
Let j(w) = -811*w - 10 + 788*w - 24. Let y be j(-2). Suppose 0 = k + 5*v - 109, 3*k - 4*v = 4*k - 104. Calculate the greatest common factor of y and k.
12
Let y(c) = 26*c + 472. Let t be y(-14). What is the greatest common factor of 4671 and t?
27
Let r be (1 + -3)*(1 - -2). Let y be (477*-6)/r + 3. Calculate the highest common divisor of y and 30.
30
Let h(p) = p**2 + 9*p + 1. Let c be h(-2). Let u = -21 - c. Let n be ((-90)/(-3))/((-12)/u). What is the highest common factor of 60 and n?
20
Suppose 5*v = 86 - 71. Suppose 5*j + 230 = -3*g - 267, v*j + 2*g = -299. Let k = j + 240. Calculate the greatest common divisor of 26 and k.
13
Suppose -19*p + 97596 = 41075 - 71292. What is the greatest common factor of 14 and p?
7
Let x(j) = 8*j**2 - j + 5. Suppose -3*o - 4*o = -2*o. Suppose o = 3*r - 6*r - 6. Let s be x(r). Calculate the highest common factor of 52 and s.
13
Suppose -4*k - 4 = -2*m, 9*k - 13*k = 3*m - 36. Suppose 5 + 107 = m*n. What is the greatest common factor of 28 and n?
14
Let b(l) = 76*l**2 + 25*l + 14. Let a be b(-3). What is the greatest common factor of a and 1424?
89
Suppose 9*w + 62 + 1108 = 0. Let v be -125 + 8 + -4 + -7. Let i = v - w. What is the highest common divisor of i and 34?
2
Suppose 33 - 27 = b. Let w(h) = h**2 + 6*h - 4. Let q be w(-10). Let k be (3/(-2))/1 - (-1782)/q. Calculate the highest common factor of k and b.
6
Let v(b) = -215*b - 1686. Let w be v(-28). What is the greatest common factor of w and 44?
22
Let k be -1*35 - 0 - 1. Let l be (2 + -7 + 3)*15/2. Let u be (3 - k/l)/(1/15). Calculate the greatest common factor of 9 and u.
9
Let m(g) = g**3 + 11*g**2 - 74*g + 12. Let b be m(8). Calculate the highest common factor of 576 and b.
12
Let n = -1472 - -1497. What is the greatest common factor of n and 2525?
25
Suppose -3*n + 5*g = 4*g - 146, 0 = 4*n + 2*g - 208. Let m = 178503 + -178343. What is the highest common divisor of n and m?
10
Let a(u) = 2*u**2 - 5*u + 3. Let h be a(3). Let r be (-112)/(-21)*255/136. What is the highest common factor of h and r?
2
Let y = -1064 - -1115. Suppose -540 = -27*l + 2673. What is the highest common divisor of y and l?
17
Let v(i) = 14*i + 36. Suppose 0 = 3*u + 6, -7*u + 196 = -4*g - 3*u. Let h = g - -61. Let d be v(h). Calculate the greatest common divisor of 16 and d.
16
Suppose 790 = 337*o - 327*o. Calculate the highest common divisor of 3239 and o.
79
Suppose 0 = 14*x + 3 + 25. Let w be (34 + 11)*(x - -3). What is the greatest common factor of w and 30?
15
Let n(b) = -20*b - 158. Let l be n(-8). Suppose -87 = -t - l*o, 56 = 2*t - 3*o - 132. What is the greatest common divisor of t and 39?
13
Suppose 1643 = 9*q + 1157. Calculate the greatest common factor of q and 306.
18
Let q(n) = -215*n**3 + 3*n + 2. Let w be q(-2). Let b be 5/((9 - 16) + 8). Suppose f + w = b*f. Calculate the greatest common divisor of f and 39.
39
Let k(z) = 49*z - 197. Let r be k(4). Let a be (-448)/(r + -3) + 3 + -1. Calculate the greatest common divisor of 38 and a.
38
Suppose 3*q = 2*k + 197 - 302, -5*k + 300 = 5*q. What is the highest common divisor of k and 6?
3
Let i(a) = -12*a - 344. Let p(f) = -3*f**2 - 17*f - 40. Let s be p(-5). Let v be i(s). What is the greatest common factor of 20 and v?
4
Suppose -346*f = -379*f + 289429 - 22624. Calculate the highest common factor of 330 and f.
165
Let o(i) = -160*i - 739. Let n be o(-58). Calculate the highest common factor of 234 and n.
117
Let u be 83/(-4)*(-36)/3. Let w = 264 - u. Calculate the greatest common divisor of 75 and w.
15
Let d be (398/(-3))/((-19)/627). Calculate the highest common factor of 11 and d.
11
Suppose 0 = -o + f + 88, 2*f + 152 = -4*o + 540. Calculate the greatest common divisor of 470 and o.
94
Let p be (-15)/((-75)/14)*(-7 + 2). Let d be (-6)/(-14) + (-3228)/p. Calculate the highest common factor of 33 and d.
33
Suppose 0 = -c + 3*o + 124, -4*c + 0*o = o - 548. Let m(x) = -7*x**2 - 98*x + 129. Let i be m(-15). What is the highest common factor of i and c?
8
Let i(u) = 24*u**2 + u - 3. Suppose 4*w + w = 15. Let p be i(w). Let m = -62968 - -62992. What is the greatest common factor of p and m?
24
Let o(g) = 11*g**2 - 34*g + 96. Let a be o(24). Suppose 13*p = -11*p + a. Let n = -4 + 30. What is the highest common divisor of p and n?
26
Let m be -15 + 7 + (-6 + 1998)/12. Calculate the greatest common factor of m and 27176.
158
Suppose 4794 = -130*i + 43404. What is the highest common factor of 135 and i?
27
Suppose -6*y + 35 = -31. What is the greatest common divisor of y and 1?
1
Suppose -761*v = -801*v + 1920. What is the greatest common factor of 6096 and v?
48
Suppose -2 = a + 5*y, -154*a + 152*a + 5*y + 116 = 0. Let g be 3/(6/(-4)) + 78. What is the greatest common divisor of a and g?
38
Let n = -8430 - -8482. Calculate the highest common divisor of n and 13.
13
Let w be 12188/14 - (-716)/(-1253). What is the highest common factor of w and 3132?
174
Let o = -2 - -14. Suppose -9 = o*r - 15*r. Suppose -55 = -r*y - 2*y. Calculate the highest common factor of 33 and y.
11
Let l(q) = -7*q**2 + 21*q - 11. Let a 